[INFO] cloning repository https://github.com/tecywiz121/tokio-select
[INFO] running `Command { std: "git" "-c" "credential.helper=" "-c" "credential.helper=/workspace/cargo-home/bin/git-credential-null" "clone" "--bare" "https://github.com/tecywiz121/tokio-select" "/workspace/cache/git-repos/https%3A%2F%2Fgithub.com%2Ftecywiz121%2Ftokio-select", kill_on_drop: false }`
[INFO] [stderr] Cloning into bare repository '/workspace/cache/git-repos/https%3A%2F%2Fgithub.com%2Ftecywiz121%2Ftokio-select'...
[INFO] running `Command { std: "git" "rev-parse" "HEAD", kill_on_drop: false }`
[INFO] [stdout] 33010ecdb6fbd495f596d4c6b13edbd92fc9ed00
[INFO] checking tecywiz121/tokio-select against master#af3c6e733a40e671550e0f0f5aeecaa13772ba56 for pr-74989
[INFO] running `Command { std: "git" "clone" "/workspace/cache/git-repos/https%3A%2F%2Fgithub.com%2Ftecywiz121%2Ftokio-select" "/workspace/builds/worker-7/source", kill_on_drop: false }`
[INFO] [stderr] Cloning into '/workspace/builds/worker-7/source'...
[INFO] [stderr] done.
[INFO] validating manifest of git repo https://github.com/tecywiz121/tokio-select on toolchain af3c6e733a40e671550e0f0f5aeecaa13772ba56
[INFO] running `Command { std: "/workspace/cargo-home/bin/cargo" "+af3c6e733a40e671550e0f0f5aeecaa13772ba56" "read-manifest" "--manifest-path" "Cargo.toml", kill_on_drop: false }`
[INFO] started tweaking git repo https://github.com/tecywiz121/tokio-select
[INFO] finished tweaking git repo https://github.com/tecywiz121/tokio-select
[INFO] tweaked toml for git repo https://github.com/tecywiz121/tokio-select written to /workspace/builds/worker-7/source/Cargo.toml
[INFO] crate git repo https://github.com/tecywiz121/tokio-select already has a lockfile, it will not be regenerated
[INFO] running `Command { std: "/workspace/cargo-home/bin/cargo" "+af3c6e733a40e671550e0f0f5aeecaa13772ba56" "fetch" "--locked" "--manifest-path" "Cargo.toml", kill_on_drop: false }`
[INFO] running `Command { std: "docker" "create" "-v" "/var/lib/crater-agent-workspace/builds/worker-7/target:/opt/rustwide/target:rw,Z" "-v" "/var/lib/crater-agent-workspace/builds/worker-7/source:/opt/rustwide/workdir:ro,Z" "-v" "/var/lib/crater-agent-workspace/cargo-home:/opt/rustwide/cargo-home:ro,Z" "-v" "/var/lib/crater-agent-workspace/rustup-home:/opt/rustwide/rustup-home:ro,Z" "-e" "SOURCE_DIR=/opt/rustwide/workdir" "-e" "CARGO_TARGET_DIR=/opt/rustwide/target" "-e" "CARGO_HOME=/opt/rustwide/cargo-home" "-e" "RUSTUP_HOME=/opt/rustwide/rustup-home" "-w" "/opt/rustwide/workdir" "-m" "1610612736" "--user" "0:0" "--network" "none" "rustops/crates-build-env@sha256:d92eaeed33fa75130ca1ee6c8a01d1ffb62bac859dfdfb3450e3e5d1c0146529" "/opt/rustwide/cargo-home/bin/cargo" "+af3c6e733a40e671550e0f0f5aeecaa13772ba56" "metadata" "--no-deps" "--format-version=1", kill_on_drop: false }`
[INFO] [stdout] 15117f2db336bbf28577213aaa7d23870d87fd4e9124e719cdd1516f6f249255
[INFO] [stderr] WARNING: Your kernel does not support swap limit capabilities or the cgroup is not mounted. Memory limited without swap.
[INFO] running `Command { std: "docker" "start" "-a" "15117f2db336bbf28577213aaa7d23870d87fd4e9124e719cdd1516f6f249255", kill_on_drop: false }`
[INFO] running `Command { std: "docker" "inspect" "15117f2db336bbf28577213aaa7d23870d87fd4e9124e719cdd1516f6f249255", kill_on_drop: false }`
[INFO] running `Command { std: "docker" "rm" "-f" "15117f2db336bbf28577213aaa7d23870d87fd4e9124e719cdd1516f6f249255", kill_on_drop: false }`
[INFO] [stdout] 15117f2db336bbf28577213aaa7d23870d87fd4e9124e719cdd1516f6f249255
[INFO] running `Command { std: "docker" "create" "-v" "/var/lib/crater-agent-workspace/builds/worker-7/target:/opt/rustwide/target:rw,Z" "-v" "/var/lib/crater-agent-workspace/builds/worker-7/source:/opt/rustwide/workdir:ro,Z" "-v" "/var/lib/crater-agent-workspace/cargo-home:/opt/rustwide/cargo-home:ro,Z" "-v" "/var/lib/crater-agent-workspace/rustup-home:/opt/rustwide/rustup-home:ro,Z" "-e" "SOURCE_DIR=/opt/rustwide/workdir" "-e" "CARGO_TARGET_DIR=/opt/rustwide/target" "-e" "CARGO_INCREMENTAL=0" "-e" "RUST_BACKTRACE=full" "-e" "RUSTFLAGS=--cap-lints=forbid" "-e" "CARGO_HOME=/opt/rustwide/cargo-home" "-e" "RUSTUP_HOME=/opt/rustwide/rustup-home" "-w" "/opt/rustwide/workdir" "-m" "1610612736" "--user" "0:0" "--network" "none" "rustops/crates-build-env@sha256:d92eaeed33fa75130ca1ee6c8a01d1ffb62bac859dfdfb3450e3e5d1c0146529" "/opt/rustwide/cargo-home/bin/cargo" "+af3c6e733a40e671550e0f0f5aeecaa13772ba56" "check" "--frozen" "--all" "--all-targets" "--message-format=json", kill_on_drop: false }`
[INFO] [stdout] fe089d4efbec913ce8e2104c532a4a841d3862586860140121d213605ffc2585
[INFO] [stderr] WARNING: Your kernel does not support swap limit capabilities or the cgroup is not mounted. Memory limited without swap.
[INFO] running `Command { std: "docker" "start" "-a" "fe089d4efbec913ce8e2104c532a4a841d3862586860140121d213605ffc2585", kill_on_drop: false }`
[INFO] [stderr]    Compiling semver-parser v0.7.0
[INFO] [stderr]    Compiling syn v1.0.8
[INFO] [stderr]    Compiling log v0.4.8
[INFO] [stderr]     Checking scopeguard v1.0.0
[INFO] [stderr]    Compiling maybe-uninit v2.0.0
[INFO] [stderr]     Checking fnv v1.0.6
[INFO] [stderr]    Compiling crossbeam-utils v0.7.0
[INFO] [stderr]    Compiling crossbeam-epoch v0.8.0
[INFO] [stderr]     Checking futures-channel-preview v0.3.0-alpha.19
[INFO] [stderr]     Checking crossbeam-utils v0.6.6
[INFO] [stderr]     Checking num_cpus v1.11.1
[INFO] [stderr]     Checking signal-hook-registry v1.2.0
[INFO] [stderr]     Checking lock_api v0.3.1
[INFO] [stderr]    Compiling semver v0.9.0
[INFO] [stderr]     Checking futures-util-preview v0.3.0-alpha.19
[INFO] [stderr]     Checking crossbeam-queue v0.1.2
[INFO] [stderr]     Checking crossbeam-channel v0.3.9
[INFO] [stderr]     Checking smallvec v0.6.13
[INFO] [stderr]     Checking mio v0.6.19
[INFO] [stderr]    Compiling rustc_version v0.2.3
[INFO] [stderr]    Compiling memoffset v0.5.3
[INFO] [stderr]    Compiling parking_lot_core v0.6.2
[INFO] [stderr]    Compiling parking_lot v0.9.0
[INFO] [stderr]     Checking mio-uds v0.6.7
[INFO] [stderr]     Checking tokio-sync v0.2.0-alpha.6
[INFO] [stderr]     Checking crossbeam-deque v0.7.2
[INFO] [stderr]    Compiling tracing-attributes v0.1.5
[INFO] [stderr]    Compiling pin-project-internal v0.4.6
[INFO] [stderr]    Compiling tokio-macros v0.2.0-alpha.6
[INFO] [stderr]     Checking tracing v0.1.10
[INFO] [stderr]     Checking tokio-executor v0.2.0-alpha.6
[INFO] [stderr]     Checking pin-project v0.4.6
[INFO] [stderr]     Checking tokio-io v0.2.0-alpha.6
[INFO] [stderr]     Checking tokio-timer v0.3.0-alpha.6
[INFO] [stderr]     Checking tokio-codec v0.2.0-alpha.6
[INFO] [stderr]     Checking tokio-fs v0.2.0-alpha.6
[INFO] [stderr]     Checking tokio-net v0.2.0-alpha.6
[INFO] [stderr]     Checking tokio v0.2.0-alpha.6
[INFO] [stderr]     Checking select_example v0.1.0 (/opt/rustwide/workdir)
[INFO] [stdout] error[E0277]: `from_generator::GenFuture<[static generator@tokio::net::process::Command::status::{{closure}}#0 0:std::result::Result<tokio::net::process::Child, std::io::Error> {ResumeTy, tokio::net::process::Child, ()}]>` cannot be unpinned
[INFO] [stdout]    --> src/main.rs:11:5
[INFO] [stdout]     |
[INFO] [stdout] 11  |     future::select(future::pending(), cmd).await;
[INFO] [stdout]     |     ^^^^^^^^^^^^^^ within `impl std::future::Future`, the trait `Unpin` is not implemented for `from_generator::GenFuture<[static generator@tokio::net::process::Command::status::{{closure}}#0 0:std::result::Result<tokio::net::process::Child, std::io::Error> {ResumeTy, tokio::net::process::Child, ()}]>`
[INFO] [stdout]     | 
[INFO] [stdout]    ::: /opt/rustwide/cargo-home/registry/src/github.com-1ecc6299db9ec823/tokio-net-0.2.0-alpha.6/src/process/mod.rs:576:33
[INFO] [stdout]     |
[INFO] [stdout] 576 |     pub fn status(&mut self) -> impl Future<Output = io::Result<ExitStatus>> {
[INFO] [stdout]     |                                 -------------------------------------------- within this `impl std::future::Future`
[INFO] [stdout]     | 
[INFO] [stdout]    ::: /opt/rustwide/cargo-home/registry/src/github.com-1ecc6299db9ec823/futures-util-preview-0.3.0-alpha.19/src/future/select.rs:48:42
[INFO] [stdout]     |
[INFO] [stdout] 48  |     where A: Future + Unpin, B: Future + Unpin
[INFO] [stdout]     |                                          ----- required by this bound in `futures_util::future::select`
[INFO] [stdout]     |
[INFO] [stdout]     = note: required because it appears within the type `impl std::future::Future`
[INFO] [stdout]     = note: required because it appears within the type `impl std::future::Future`
[INFO] [stdout] 
[INFO] [stdout] 
[INFO] [stdout] error[E0277]: `from_generator::GenFuture<[static generator@tokio::net::process::Command::status::{{closure}}#0 0:std::result::Result<tokio::net::process::Child, std::io::Error> {ResumeTy, tokio::net::process::Child, ()}]>` cannot be unpinned
[INFO] [stdout]    --> src/main.rs:11:5
[INFO] [stdout]     |
[INFO] [stdout] 11  |     future::select(future::pending(), cmd).await;
[INFO] [stdout]     |     ^^^^^^^^^^^^^^^^^^^^^^^^^^^^^^^^^^^^^^^^^^^^ within `impl std::future::Future`, the trait `Unpin` is not implemented for `from_generator::GenFuture<[static generator@tokio::net::process::Command::status::{{closure}}#0 0:std::result::Result<tokio::net::process::Child, std::io::Error> {ResumeTy, tokio::net::process::Child, ()}]>`
[INFO] [stdout]     | 
[INFO] [stdout]    ::: /opt/rustwide/cargo-home/registry/src/github.com-1ecc6299db9ec823/tokio-net-0.2.0-alpha.6/src/process/mod.rs:576:33
[INFO] [stdout]     |
[INFO] [stdout] 576 |     pub fn status(&mut self) -> impl Future<Output = io::Result<ExitStatus>> {
[INFO] [stdout]     |                                 -------------------------------------------- within this `impl std::future::Future`
[INFO] [stdout]     |
[INFO] [stdout]     = note: required because it appears within the type `impl std::future::Future`
[INFO] [stdout]     = note: required because it appears within the type `impl std::future::Future`
[INFO] [stdout]     = note: required because of the requirements on the impl of `std::future::Future` for `futures_util::future::Select<futures_util::future::Pending<_>, impl std::future::Future>`
[INFO] [stdout] 
[INFO] [stdout] 
[INFO] [stdout] error[E0277]: `from_generator::GenFuture<[static generator@tokio::net::process::Command::status::{{closure}}#0 0:std::result::Result<tokio::net::process::Child, std::io::Error> {ResumeTy, tokio::net::process::Child, ()}]>` cannot be unpinned
[INFO] [stdout]    --> src/main.rs:11:5
[INFO] [stdout]     |
[INFO] [stdout] 11  |     future::select(future::pending(), cmd).await;
[INFO] [stdout]     |     ^^^^^^^^^^^^^^ within `impl std::future::Future`, the trait `Unpin` is not implemented for `from_generator::GenFuture<[static generator@tokio::net::process::Command::status::{{closure}}#0 0:std::result::Result<tokio::net::process::Child, std::io::Error> {ResumeTy, tokio::net::process::Child, ()}]>`
[INFO] [stdout]     | 
[INFO] [stdout]    ::: /opt/rustwide/cargo-home/registry/src/github.com-1ecc6299db9ec823/tokio-net-0.2.0-alpha.6/src/process/mod.rs:576:33
[INFO] [stdout]     |
[INFO] [stdout] 576 |     pub fn status(&mut self) -> impl Future<Output = io::Result<ExitStatus>> {
[INFO] [stdout]     |                                 -------------------------------------------- within this `impl std::future::Future`
[INFO] [stdout]     | 
[INFO] [stdout]    ::: /opt/rustwide/cargo-home/registry/src/github.com-1ecc6299db9ec823/futures-util-preview-0.3.0-alpha.19/src/future/select.rs:48:42
[INFO] [stdout]     |
[INFO] [stdout] 48  |     where A: Future + Unpin, B: Future + Unpin
[INFO] [stdout]     |                                          ----- required by this bound in `futures_util::future::select`
[INFO] [stdout]     |
[INFO] [stdout]     = note: required because it appears within the type `impl std::future::Future`
[INFO] [stdout]     = note: required because it appears within the type `impl std::future::Future`
[INFO] [stdout] 
[INFO] [stdout] 
[INFO] [stdout] error[E0277]: `from_generator::GenFuture<[static generator@tokio::net::process::Command::status::{{closure}}#0 0:std::result::Result<tokio::net::process::Child, std::io::Error> {ResumeTy, tokio::net::process::Child, ()}]>` cannot be unpinned
[INFO] [stdout]    --> src/main.rs:11:5
[INFO] [stdout]     |
[INFO] [stdout] 11  |     future::select(future::pending(), cmd).await;
[INFO] [stdout]     |     ^^^^^^^^^^^^^^^^^^^^^^^^^^^^^^^^^^^^^^^^^^^^ within `impl std::future::Future`, the trait `Unpin` is not implemented for `from_generator::GenFuture<[static generator@tokio::net::process::Command::status::{{closure}}#0 0:std::result::Result<tokio::net::process::Child, std::io::Error> {ResumeTy, tokio::net::process::Child, ()}]>`
[INFO] [stdout]     | 
[INFO] [stdout]    ::: /opt/rustwide/cargo-home/registry/src/github.com-1ecc6299db9ec823/tokio-net-0.2.0-alpha.6/src/process/mod.rs:576:33
[INFO] [stdout]     |
[INFO] [stdout] 576 |     pub fn status(&mut self) -> impl Future<Output = io::Result<ExitStatus>> {
[INFO] [stdout]     |                                 -------------------------------------------- within this `impl std::future::Future`
[INFO] [stdout]     |
[INFO] [stdout]     = note: required because it appears within the type `impl std::future::Future`
[INFO] [stdout]     = note: required because it appears within the type `impl std::future::Future`
[INFO] [stdout]     = note: required because of the requirements on the impl of `std::future::Future` for `futures_util::future::Select<futures_util::future::Pending<_>, impl std::future::Future>`
[INFO] [stdout] 
[INFO] [stdout] 
[INFO] [stdout] error: aborting due to 2 previous errors
[INFO] [stdout] 
[INFO] [stdout] 
[INFO] [stdout] For more information about this error, try `rustc --explain E0277`.
[INFO] [stdout] 
[INFO] [stdout] error: aborting due to 2 previous errors
[INFO] [stdout] 
[INFO] [stdout] 
[INFO] [stdout] For more information about this error, try `rustc --explain E0277`.
[INFO] [stdout] 
[INFO] [stderr] error: could not compile `select_example`.
[INFO] [stderr] 
[INFO] [stderr] To learn more, run the command again with --verbose.
[INFO] [stderr] warning: build failed, waiting for other jobs to finish...
[INFO] [stderr] error: build failed
[INFO] running `Command { std: "docker" "inspect" "fe089d4efbec913ce8e2104c532a4a841d3862586860140121d213605ffc2585", kill_on_drop: false }`
[INFO] running `Command { std: "docker" "rm" "-f" "fe089d4efbec913ce8e2104c532a4a841d3862586860140121d213605ffc2585", kill_on_drop: false }`
[INFO] [stdout] fe089d4efbec913ce8e2104c532a4a841d3862586860140121d213605ffc2585
